{"id":2066,"date":"2021-12-23T15:27:51","date_gmt":"2021-12-23T14:27:51","guid":{"rendered":"https:\/\/www.au-souffle-de-lumiere.be\/?page_id=2066"},"modified":"2021-12-24T14:02:25","modified_gmt":"2021-12-24T13:02:25","slug":"les-sons-hemi-sync","status":"publish","type":"page","link":"https:\/\/www.au-souffle-de-lumiere.be\/index.php\/les-sons-hemi-sync\/","title":{"rendered":"Les sons HEMI-SYNC"},"content":{"rendered":"\n<p class=\"has-black-color has-text-color\" style=\"font-size:18px\"><em><strong>Pendant les s\u00e9ances des \u00e9tats modifi\u00e9s de conscience, nous passons une musique sp\u00e9cialement \u00e9tudi\u00e9e pour vous amener dans ses \u00e9tats en douceur.&nbsp;Voici quelques explications de ce que vous entendez dans le casque et pourquoi<\/strong><\/em>.<\/p>\n\n\n\n<p class=\"has-black-color has-text-color\" style=\"font-size:22px\"><strong><em>La technique de  l&rsquo;institut Monroe HEMI-SYNC<\/em><\/strong><\/p>\n\n\n\n<p class=\"has-black-color has-text-color\" style=\"font-size:18px\"><em>Cette technique est bas\u00e9e sur la fonctionnement normal du cerveau !On sait que ce dernier produit des impulsions \u00e9lectriques (ondes ou fr\u00e9quences c\u00e9r\u00e9brales) et qu&rsquo;\u00e0 certaines de ces fr\u00e9quences correspondent diff\u00e9rents \u00e9tats de conscience. Il a aussi \u00e9t\u00e9 d\u00e9montr\u00e9 que les sons, entre autres, avaient la capacit\u00e9 d&rsquo;influencer ces ondes ou fr\u00e9quences c\u00e9r\u00e9brales et donc de provoquer certains \u00e9tats de conscience. Si l&rsquo;on fait entendre simultan\u00e9ment un son diff\u00e9rent dans chacune des oreilles, les deux h\u00e9misph\u00e8res du cerveau seront \u00ab ENCOURAG\u00c9S \u00bb \u00e0 produire simultan\u00e9ment la m\u00eame quantit\u00e9 d&rsquo;impulsions \u00e9lectriques \u00e0 droite comme \u00e0 gauche. Ils se \u00ab&nbsp;&nbsp;SYNCHRONISERONT \u00bb, se mettront \u00e0 l&rsquo;unisson et produiront alors un 3\u00e8me son : appel\u00e9 \u00ab SON BINAURAL \u00bb qui lui, ressemblera \u00e0 une modulation, \u00e0 un effet de \u00ab vibrato \u00bb dont la fr\u00e9quence sera d\u00e9termin\u00e9e par la diff\u00e9rence entre les 2 sons originaux (sons transporteurs) entendus par chaque oreille.<\/em><\/p>\n\n\n\n<figure class=\"wp-block-image size-full\"><img data-recalc-dims=\"1\" loading=\"lazy\" decoding=\"async\" width=\"253\" height=\"273\" src=\"https:\/\/i0.wp.com\/www.au-souffle-de-lumiere.be\/wp-content\/uploads\/2021\/12\/8ce1af_79459cc707ac4f559f040da283afd390.webp?resize=253%2C273&#038;ssl=1\" alt=\"\" class=\"wp-image-2067\"\/><\/figure>\n\n\n\n<div style=\"height:100px\" aria-hidden=\"true\" class=\"wp-block-spacer\"><\/div>\n\n\n\n<audio controls=\"\">\n  <source src=\"\/wp-content\/MP3\/mon.mp3\" type=\"audio\/ogg\">\n  <source src=\"\/wp-content\/MP3\/mon.mp3\" audio=\"\" mpeg\"=\"\">\nYour browser does not support the audio element.\n<\/audio>\n\n\n\n<p><\/p>\n\n\n\n<p class=\"has-black-color has-text-color\" style=\"font-size:18px\"><em>Cet exercice de d\u00e9monstration contient des directives verbales. (A faire avec un casque).<br>Le proc\u00e9d\u00e9 Hemi-Sync\u00ae permet d&rsquo;exp\u00e9rimenter un \u00e9tat de conscience typ<\/em>iquement associ\u00e9 <em>au fonctionnement d&rsquo;un cerveau op\u00e9rant comme un tout \u00ab unifi\u00e9 \u00bb.<br>Vous d\u00e9couvrez et acc\u00e9dez ainsi aux avantages et aux capacit\u00e9s extraordinaires que procure cet \u00e9tat de conscience sp\u00e9cifique.<\/em><br><em>Vous entendrez, vous ressentirez, et vous comprendrez la mani\u00e8re dont le proc\u00e9d\u00e9 Hemi-Sync\u00ae fonctionne, et en m\u00eame temps,<\/em> <em>vous exp\u00e9rimenterez un \u00e9tat de repos et de d\u00e9tente profonds.<br>Dur\u00e9e : 28 minutes<\/em><\/p>\n\n\n\n<p class=\"has-black-color has-text-color\" style=\"font-size:22px\"><strong><em>La technologie HEMI-SYNC<\/em><\/strong><\/p>\n\n\n\n<p class=\"has-black-color has-text-color\" style=\"font-size:18px\"><em>La technologies HEMI-SYNC est une technologies audio brevet\u00e9es, \u00e0 la pointe du progr\u00e8s, compos\u00e9es de combinaisons de fr\u00e9quences sonores qui r\u00e9sultent de la recherche et des exp\u00e9rimentations scientifiques de l&rsquo;Institut Monroe. Cette technologies permettent \u00e0 l&rsquo;exp\u00e9rimentateur d&rsquo;acc\u00e9der \u00e0 des \u00c9tats d&rsquo;Expansion de Conscience et d&rsquo;en faciliter le contr\u00f4le. Elles contribuent \u00e0 la mise \u00e0 l&rsquo;unisson des h\u00e9misph\u00e8res c\u00e9r\u00e9braux (synchronisation h\u00e9misph\u00e9rique).<\/em><\/p>\n\n\n\n<p class=\"has-black-color has-text-color\" style=\"font-size:18px\"><strong><em>&nbsp;Qu&rsquo;est ce que la \u00ab synchronisation h\u00e9misph\u00e9rique \u00bb ?<\/em><\/strong><br><br><em>C&rsquo;est un \u00e9tat au cours duquel, les h\u00e9misph\u00e8res droit et gauche du cerveau produisent simultan\u00e9ment et de fa\u00e7on synchronis\u00e9e les m\u00eames ondes ou impulsions \u00e9lectriques.<\/em><\/p>\n\n\n\n<figure class=\"wp-block-image size-full\"><img data-recalc-dims=\"1\" loading=\"lazy\" decoding=\"async\" width=\"412\" height=\"198\" src=\"https:\/\/i0.wp.com\/www.au-souffle-de-lumiere.be\/wp-content\/uploads\/2021\/12\/8ce1af_40ac4ef68c604418be3f97f77a5b9c62.webp?resize=412%2C198&#038;ssl=1\" alt=\"\" class=\"wp-image-2068\" srcset=\"https:\/\/i0.wp.com\/www.au-souffle-de-lumiere.be\/wp-content\/uploads\/2021\/12\/8ce1af_40ac4ef68c604418be3f97f77a5b9c62.webp?w=412&amp;ssl=1 412w, https:\/\/i0.wp.com\/www.au-souffle-de-lumiere.be\/wp-content\/uploads\/2021\/12\/8ce1af_40ac4ef68c604418be3f97f77a5b9c62.webp?resize=300%2C144&amp;ssl=1 300w\" sizes=\"auto, (max-width: 412px) 100vw, 412px\" \/><\/figure>\n\n\n\n<h2 class=\"has-black-color has-text-color wp-block-heading\" style=\"font-size:22px\"><em><strong>Origine des sons bina<\/strong>uraux<\/em><\/h2>\n\n\n\n<p class=\"has-black-color has-text-color\" style=\"font-size:18px\"><em>Robert A. Monroe, fondateur de Hemi-Sync, est internationalement connu pour son travail avec des motifs sonores audio qui peuvent avoir des effets spectaculaire sur certains \u00e9tats de conscience. Monroe a observ\u00e9, au d\u00e9but de sa recherche, que certains sons cr\u00e9ent une fr\u00e9quence suivi d&rsquo;une activit\u00e9 \u00e9lectrique du cerveau.<\/em><\/p>\n\n\n\n<p class=\"has-black-color has-text-color\" style=\"font-size:18px\"><em>Ces observations ont permis de faire des d\u00e9couvertes remarquables sur la nature m\u00eame de la conscience humaine. Les chercheurs ont appris que des sons sp\u00e9cifiques pouvaient \u00eatre m\u00e9lang\u00e9s et s\u00e9quenc\u00e9s de fa\u00e7on \u00e0 diriger doucement le cerveau vers diff\u00e9rents \u00e9tats, allant de la relaxation profonde jusqu&rsquo;\u00e0 \u00e0 l&rsquo;\u00e9tat de conscience \u00e9veill\u00e9e maximal. Cette recherche convaincante est devenu le fondement d&rsquo;une technologie audio-directives non invasive et facile \u00e0 utiliser appel\u00e9 Hemi-Sync\u00ae.<\/em><\/p>\n\n\n\n<p class=\"has-black-color has-text-color\" style=\"font-size:18px\"><em>Ce processus audio-guid\u00e9 unique fonctionne gr\u00e2ce \u00e0 la g\u00e9n\u00e9ration de signaux audio multi-couches complexes qui agissent ensemble pour cr\u00e9er une r\u00e9sonance c\u00e9r\u00e9brale. Cette r\u00e9sonance se manifeste sous forme d&rsquo;ondes c\u00e9r\u00e9brales uniques qui caract\u00e9risent un \u00e9tat sp\u00e9cifique de la conscience. Par analogie, les lasers produisent une lumi\u00e8re cibl\u00e9e et coh\u00e9rente. Hemi-Sync produit un esprit coh\u00e9rent cibl\u00e9, qui est une condition optimale pour am\u00e9liorer la performance humaine<\/em><\/p>\n\n\n\n<p class=\"has-black-color has-text-color\" style=\"font-size:18px\"><em>L&rsquo;un des principaux chercheurs dans la synchronie des ondes c\u00e9r\u00e9brales, le Dr Lester Fehmi, de l&rsquo;Institut de recherche de Princeton Biofeedback, souligne que \u00ab\u00a0la synchronisation repr\u00e9sente l&rsquo;efficacit\u00e9 maximale du transport de l&rsquo;information \u00e0 travers l&rsquo;ensemble du cerveau.\u00a0\u00bb<\/em><\/p>\n\n\n\n<p class=\"has-black-color has-text-color\" style=\"font-size:18px\"><em>Cela signifie que la synchronisation des ondes c\u00e9r\u00e9brales produit une forte augmentation dans les effets de diff\u00e9rents \u00e9tats d&rsquo;ondes c\u00e9r\u00e9brales. La production d&rsquo;\u00e9nergie \u00e9lectromagn\u00e9tique coh\u00e9rente et synchronis\u00e9e par le cerveau humain \u00e0 une fr\u00e9quence donn\u00e9e conduit \u00e0 l&rsquo;augmentation de l&rsquo;amplitude et de la force des ondes c\u00e9r\u00e9brales.<\/em><\/p>\n\n\n\n<p class=\"has-black-color has-text-color\" style=\"font-size:18px\"><em>Il est \u00e9vident qu&rsquo;un \u00ab\u00a0cerveau hautement int\u00e9gr\u00e9\u00a0\u00bb, dans lequel les deux h\u00e9misph\u00e8res fonctionnent en sym\u00e9trie, synchronie, harmonie et unit\u00e9, est une cl\u00e9 pour atteindre et maintenir un \u00e9tat c\u00e9r\u00e9bral coh\u00e9rent et hautement productif..<\/em><\/p>\n","protected":false},"excerpt":{"rendered":"<p>Pendant les s\u00e9ances des \u00e9tats modifi\u00e9s de conscience, nous passons une musique sp\u00e9cialement \u00e9tudi\u00e9e pour vous amener dans ses \u00e9tats en douceur.&nbsp;Voici quelques explications de ce que vous entendez dans le casque et pourquoi. La technique de l&rsquo;institut Monroe HEMI-SYNC Cette technique est bas\u00e9e sur la fonctionnement normal du cerveau !On sait que ce dernier &hellip; <a href=\"https:\/\/www.au-souffle-de-lumiere.be\/index.php\/les-sons-hemi-sync\/\" class=\"more-link\">Continuer la lecture de <span class=\"screen-reader-text\">Les sons HEMI-SYNC<\/span> <span class=\"meta-nav\">&rarr;<\/span><\/a><\/p>\n","protected":false},"author":1,"featured_media":0,"parent":0,"menu_order":0,"comment_status":"closed","ping_status":"closed","template":"","meta":{"footnotes":""},"class_list":["post-2066","page","type-page","status-publish","hentry"],"yoast_head":"<!-- This site is optimized with the Yoast SEO plugin v27.5 - https:\/\/yoast.com\/product\/yoast-seo-wordpress\/ -->\n<title>Les sons HEMI-SYNC - Au Souffle De Lumi\u00e8re<\/title>\n<meta name=\"robots\" content=\"index, follow, max-snippet:-1, max-image-preview:large, max-video-preview:-1\" \/>\n<link rel=\"canonical\" href=\"https:\/\/www.au-souffle-de-lumiere.be\/index.php\/les-sons-hemi-sync\/\" \/>\n<meta property=\"og:locale\" content=\"fr_FR\" \/>\n<meta property=\"og:type\" content=\"article\" \/>\n<meta property=\"og:title\" content=\"Les sons HEMI-SYNC - Au Souffle De Lumi\u00e8re\" \/>\n<meta property=\"og:description\" content=\"Pendant les s\u00e9ances des \u00e9tats modifi\u00e9s de conscience, nous passons une musique sp\u00e9cialement \u00e9tudi\u00e9e pour vous amener dans ses \u00e9tats en douceur.&nbsp;Voici quelques explications de ce que vous entendez dans le casque et pourquoi. La technique de l&rsquo;institut Monroe HEMI-SYNC Cette technique est bas\u00e9e sur la fonctionnement normal du cerveau !On sait que ce dernier &hellip; Continuer la lecture de Les sons HEMI-SYNC &rarr;\" \/>\n<meta property=\"og:url\" content=\"https:\/\/www.au-souffle-de-lumiere.be\/index.php\/les-sons-hemi-sync\/\" \/>\n<meta property=\"og:site_name\" content=\"Au Souffle De Lumi\u00e8re\" \/>\n<meta property=\"article:modified_time\" content=\"2021-12-24T13:02:25+00:00\" \/>\n<meta property=\"og:image\" content=\"https:\/\/www.au-souffle-de-lumiere.be\/wp-content\/uploads\/2021\/12\/8ce1af_79459cc707ac4f559f040da283afd390.webp\" \/>\n<meta name=\"twitter:card\" content=\"summary_large_image\" \/>\n<meta name=\"twitter:label1\" content=\"Dur\u00e9e de lecture estim\u00e9e\" \/>\n\t<meta name=\"twitter:data1\" content=\"4 minutes\" \/>\n<script type=\"application\/ld+json\" class=\"yoast-schema-graph\">{\"@context\":\"https:\\\/\\\/schema.org\",\"@graph\":[{\"@type\":\"WebPage\",\"@id\":\"https:\\\/\\\/www.au-souffle-de-lumiere.be\\\/index.php\\\/les-sons-hemi-sync\\\/\",\"url\":\"https:\\\/\\\/www.au-souffle-de-lumiere.be\\\/index.php\\\/les-sons-hemi-sync\\\/\",\"name\":\"Les sons HEMI-SYNC - Au Souffle De Lumi\u00e8re\",\"isPartOf\":{\"@id\":\"https:\\\/\\\/www.au-souffle-de-lumiere.be\\\/#website\"},\"primaryImageOfPage\":{\"@id\":\"https:\\\/\\\/www.au-souffle-de-lumiere.be\\\/index.php\\\/les-sons-hemi-sync\\\/#primaryimage\"},\"image\":{\"@id\":\"https:\\\/\\\/www.au-souffle-de-lumiere.be\\\/index.php\\\/les-sons-hemi-sync\\\/#primaryimage\"},\"thumbnailUrl\":\"https:\\\/\\\/www.au-souffle-de-lumiere.be\\\/wp-content\\\/uploads\\\/2021\\\/12\\\/8ce1af_79459cc707ac4f559f040da283afd390.webp\",\"datePublished\":\"2021-12-23T14:27:51+00:00\",\"dateModified\":\"2021-12-24T13:02:25+00:00\",\"breadcrumb\":{\"@id\":\"https:\\\/\\\/www.au-souffle-de-lumiere.be\\\/index.php\\\/les-sons-hemi-sync\\\/#breadcrumb\"},\"inLanguage\":\"fr-FR\",\"potentialAction\":[{\"@type\":\"ReadAction\",\"target\":[\"https:\\\/\\\/www.au-souffle-de-lumiere.be\\\/index.php\\\/les-sons-hemi-sync\\\/\"]}]},{\"@type\":\"ImageObject\",\"inLanguage\":\"fr-FR\",\"@id\":\"https:\\\/\\\/www.au-souffle-de-lumiere.be\\\/index.php\\\/les-sons-hemi-sync\\\/#primaryimage\",\"url\":\"https:\\\/\\\/i0.wp.com\\\/www.au-souffle-de-lumiere.be\\\/wp-content\\\/uploads\\\/2021\\\/12\\\/8ce1af_79459cc707ac4f559f040da283afd390.webp?fit=253%2C273&ssl=1\",\"contentUrl\":\"https:\\\/\\\/i0.wp.com\\\/www.au-souffle-de-lumiere.be\\\/wp-content\\\/uploads\\\/2021\\\/12\\\/8ce1af_79459cc707ac4f559f040da283afd390.webp?fit=253%2C273&ssl=1\",\"width\":253,\"height\":273},{\"@type\":\"BreadcrumbList\",\"@id\":\"https:\\\/\\\/www.au-souffle-de-lumiere.be\\\/index.php\\\/les-sons-hemi-sync\\\/#breadcrumb\",\"itemListElement\":[{\"@type\":\"ListItem\",\"position\":1,\"name\":\"Accueil\",\"item\":\"https:\\\/\\\/www.au-souffle-de-lumiere.be\\\/\"},{\"@type\":\"ListItem\",\"position\":2,\"name\":\"Les sons HEMI-SYNC\"}]},{\"@type\":\"WebSite\",\"@id\":\"https:\\\/\\\/www.au-souffle-de-lumiere.be\\\/#website\",\"url\":\"https:\\\/\\\/www.au-souffle-de-lumiere.be\\\/\",\"name\":\"Au Souffle De Lumi\u00e8re\",\"description\":\"Hypnose-Soin \u00e9nerg\u00e9tique\",\"publisher\":{\"@id\":\"https:\\\/\\\/www.au-souffle-de-lumiere.be\\\/#organization\"},\"potentialAction\":[{\"@type\":\"SearchAction\",\"target\":{\"@type\":\"EntryPoint\",\"urlTemplate\":\"https:\\\/\\\/www.au-souffle-de-lumiere.be\\\/?s={search_term_string}\"},\"query-input\":{\"@type\":\"PropertyValueSpecification\",\"valueRequired\":true,\"valueName\":\"search_term_string\"}}],\"inLanguage\":\"fr-FR\"},{\"@type\":\"Organization\",\"@id\":\"https:\\\/\\\/www.au-souffle-de-lumiere.be\\\/#organization\",\"name\":\"Au souffle de lumi\u00e8re\",\"url\":\"https:\\\/\\\/www.au-souffle-de-lumiere.be\\\/\",\"logo\":{\"@type\":\"ImageObject\",\"inLanguage\":\"fr-FR\",\"@id\":\"https:\\\/\\\/www.au-souffle-de-lumiere.be\\\/#\\\/schema\\\/logo\\\/image\\\/\",\"url\":\"https:\\\/\\\/i2.wp.com\\\/www.au-souffle-de-lumiere.be\\\/wp-content\\\/uploads\\\/2020\\\/02\\\/Nature-Soleil-5d66366b.jpg?fit=1920%2C1200&ssl=1\",\"contentUrl\":\"https:\\\/\\\/i2.wp.com\\\/www.au-souffle-de-lumiere.be\\\/wp-content\\\/uploads\\\/2020\\\/02\\\/Nature-Soleil-5d66366b.jpg?fit=1920%2C1200&ssl=1\",\"width\":1920,\"height\":1200,\"caption\":\"Au souffle de lumi\u00e8re\"},\"image\":{\"@id\":\"https:\\\/\\\/www.au-souffle-de-lumiere.be\\\/#\\\/schema\\\/logo\\\/image\\\/\"}}]}<\/script>\n<!-- \/ Yoast SEO plugin. -->","yoast_head_json":{"title":"Les sons HEMI-SYNC - Au Souffle De Lumi\u00e8re","robots":{"index":"index","follow":"follow","max-snippet":"max-snippet:-1","max-image-preview":"max-image-preview:large","max-video-preview":"max-video-preview:-1"},"canonical":"https:\/\/www.au-souffle-de-lumiere.be\/index.php\/les-sons-hemi-sync\/","og_locale":"fr_FR","og_type":"article","og_title":"Les sons HEMI-SYNC - Au Souffle De Lumi\u00e8re","og_description":"Pendant les s\u00e9ances des \u00e9tats modifi\u00e9s de conscience, nous passons une musique sp\u00e9cialement \u00e9tudi\u00e9e pour vous amener dans ses \u00e9tats en douceur.&nbsp;Voici quelques explications de ce que vous entendez dans le casque et pourquoi. La technique de l&rsquo;institut Monroe HEMI-SYNC Cette technique est bas\u00e9e sur la fonctionnement normal du cerveau !On sait que ce dernier &hellip; Continuer la lecture de Les sons HEMI-SYNC &rarr;","og_url":"https:\/\/www.au-souffle-de-lumiere.be\/index.php\/les-sons-hemi-sync\/","og_site_name":"Au Souffle De Lumi\u00e8re","article_modified_time":"2021-12-24T13:02:25+00:00","og_image":[{"url":"https:\/\/www.au-souffle-de-lumiere.be\/wp-content\/uploads\/2021\/12\/8ce1af_79459cc707ac4f559f040da283afd390.webp","type":"","width":"","height":""}],"twitter_card":"summary_large_image","twitter_misc":{"Dur\u00e9e de lecture estim\u00e9e":"4 minutes"},"schema":{"@context":"https:\/\/schema.org","@graph":[{"@type":"WebPage","@id":"https:\/\/www.au-souffle-de-lumiere.be\/index.php\/les-sons-hemi-sync\/","url":"https:\/\/www.au-souffle-de-lumiere.be\/index.php\/les-sons-hemi-sync\/","name":"Les sons HEMI-SYNC - Au Souffle De Lumi\u00e8re","isPartOf":{"@id":"https:\/\/www.au-souffle-de-lumiere.be\/#website"},"primaryImageOfPage":{"@id":"https:\/\/www.au-souffle-de-lumiere.be\/index.php\/les-sons-hemi-sync\/#primaryimage"},"image":{"@id":"https:\/\/www.au-souffle-de-lumiere.be\/index.php\/les-sons-hemi-sync\/#primaryimage"},"thumbnailUrl":"https:\/\/www.au-souffle-de-lumiere.be\/wp-content\/uploads\/2021\/12\/8ce1af_79459cc707ac4f559f040da283afd390.webp","datePublished":"2021-12-23T14:27:51+00:00","dateModified":"2021-12-24T13:02:25+00:00","breadcrumb":{"@id":"https:\/\/www.au-souffle-de-lumiere.be\/index.php\/les-sons-hemi-sync\/#breadcrumb"},"inLanguage":"fr-FR","potentialAction":[{"@type":"ReadAction","target":["https:\/\/www.au-souffle-de-lumiere.be\/index.php\/les-sons-hemi-sync\/"]}]},{"@type":"ImageObject","inLanguage":"fr-FR","@id":"https:\/\/www.au-souffle-de-lumiere.be\/index.php\/les-sons-hemi-sync\/#primaryimage","url":"https:\/\/i0.wp.com\/www.au-souffle-de-lumiere.be\/wp-content\/uploads\/2021\/12\/8ce1af_79459cc707ac4f559f040da283afd390.webp?fit=253%2C273&ssl=1","contentUrl":"https:\/\/i0.wp.com\/www.au-souffle-de-lumiere.be\/wp-content\/uploads\/2021\/12\/8ce1af_79459cc707ac4f559f040da283afd390.webp?fit=253%2C273&ssl=1","width":253,"height":273},{"@type":"BreadcrumbList","@id":"https:\/\/www.au-souffle-de-lumiere.be\/index.php\/les-sons-hemi-sync\/#breadcrumb","itemListElement":[{"@type":"ListItem","position":1,"name":"Accueil","item":"https:\/\/www.au-souffle-de-lumiere.be\/"},{"@type":"ListItem","position":2,"name":"Les sons HEMI-SYNC"}]},{"@type":"WebSite","@id":"https:\/\/www.au-souffle-de-lumiere.be\/#website","url":"https:\/\/www.au-souffle-de-lumiere.be\/","name":"Au Souffle De Lumi\u00e8re","description":"Hypnose-Soin \u00e9nerg\u00e9tique","publisher":{"@id":"https:\/\/www.au-souffle-de-lumiere.be\/#organization"},"potentialAction":[{"@type":"SearchAction","target":{"@type":"EntryPoint","urlTemplate":"https:\/\/www.au-souffle-de-lumiere.be\/?s={search_term_string}"},"query-input":{"@type":"PropertyValueSpecification","valueRequired":true,"valueName":"search_term_string"}}],"inLanguage":"fr-FR"},{"@type":"Organization","@id":"https:\/\/www.au-souffle-de-lumiere.be\/#organization","name":"Au souffle de lumi\u00e8re","url":"https:\/\/www.au-souffle-de-lumiere.be\/","logo":{"@type":"ImageObject","inLanguage":"fr-FR","@id":"https:\/\/www.au-souffle-de-lumiere.be\/#\/schema\/logo\/image\/","url":"https:\/\/i2.wp.com\/www.au-souffle-de-lumiere.be\/wp-content\/uploads\/2020\/02\/Nature-Soleil-5d66366b.jpg?fit=1920%2C1200&ssl=1","contentUrl":"https:\/\/i2.wp.com\/www.au-souffle-de-lumiere.be\/wp-content\/uploads\/2020\/02\/Nature-Soleil-5d66366b.jpg?fit=1920%2C1200&ssl=1","width":1920,"height":1200,"caption":"Au souffle de lumi\u00e8re"},"image":{"@id":"https:\/\/www.au-souffle-de-lumiere.be\/#\/schema\/logo\/image\/"}}]}},"jetpack_sharing_enabled":true,"_links":{"self":[{"href":"https:\/\/www.au-souffle-de-lumiere.be\/index.php\/wp-json\/wp\/v2\/pages\/2066","targetHints":{"allow":["GET"]}}],"collection":[{"href":"https:\/\/www.au-souffle-de-lumiere.be\/index.php\/wp-json\/wp\/v2\/pages"}],"about":[{"href":"https:\/\/www.au-souffle-de-lumiere.be\/index.php\/wp-json\/wp\/v2\/types\/page"}],"author":[{"embeddable":true,"href":"https:\/\/www.au-souffle-de-lumiere.be\/index.php\/wp-json\/wp\/v2\/users\/1"}],"replies":[{"embeddable":true,"href":"https:\/\/www.au-souffle-de-lumiere.be\/index.php\/wp-json\/wp\/v2\/comments?post=2066"}],"version-history":[{"count":0,"href":"https:\/\/www.au-souffle-de-lumiere.be\/index.php\/wp-json\/wp\/v2\/pages\/2066\/revisions"}],"wp:attachment":[{"href":"https:\/\/www.au-souffle-de-lumiere.be\/index.php\/wp-json\/wp\/v2\/media?parent=2066"}],"curies":[{"name":"wp","href":"https:\/\/api.w.org\/{rel}","templated":true}]}}