{"id":2099,"date":"2022-01-20T08:49:56","date_gmt":"2022-01-20T07:49:56","guid":{"rendered":"https:\/\/www.au-souffle-de-lumiere.be\/?page_id=2099"},"modified":"2022-01-22T11:37:17","modified_gmt":"2022-01-22T10:37:17","slug":"meditation-guidee","status":"publish","type":"page","link":"https:\/\/www.au-souffle-de-lumiere.be\/index.php\/meditation-guidee\/","title":{"rendered":"M\u00e9ditation guid\u00e9e"},"content":{"rendered":"\n<figure class=\"wp-block-image size-full\"><img data-recalc-dims=\"1\" loading=\"lazy\" decoding=\"async\" width=\"604\" height=\"403\" src=\"https:\/\/i0.wp.com\/www.au-souffle-de-lumiere.be\/wp-content\/uploads\/2022\/01\/606751ac18e784001e22e290-1.jpg?resize=604%2C403&#038;ssl=1\" alt=\"\" class=\"wp-image-2101\" srcset=\"https:\/\/i0.wp.com\/www.au-souffle-de-lumiere.be\/wp-content\/uploads\/2022\/01\/606751ac18e784001e22e290-1.jpg?w=724&amp;ssl=1 724w, https:\/\/i0.wp.com\/www.au-souffle-de-lumiere.be\/wp-content\/uploads\/2022\/01\/606751ac18e784001e22e290-1.jpg?resize=300%2C200&amp;ssl=1 300w\" sizes=\"auto, (max-width: 604px) 100vw, 604px\" \/><\/figure>\n\n\n\n<p class=\"has-black-color has-text-color\" style=\"font-size:18px\"><em>Le souffle de lumi\u00e8re organise des sessions de m\u00e9diation guid\u00e9e ax\u00e9e sur le spirituel.\u00a0Les m\u00e9ditations propos\u00e9es seront faites pour d\u00e9couvrir d&rsquo;autres mondes et d&rsquo;autres dimensions.\u00a0Allez voir plus loin de ce que notre mental, notre conscience veut nous montrer \u00e7a sera possible.\u00a0Pour conna\u00eetre les diff\u00e9rentes dates, vous pouvez vous inscrir<span class=\"has-inline-color has-black-color\">e \u00e0<\/span> notre<strong><span style=\"color:#ff000a\" class=\"has-inline-color\">\u00a0<a href=\"https:\/\/www.au-souffle-de-lumiere.be\/index.php\/newsletter\/\">newsletter<\/a><\/span><\/strong><\/em><\/p>\n\n\n\n<h2 class=\"wp-block-heading\"><em>D\u00e9finition \u2013 Que signifie la m\u00e9ditation guid\u00e9e?<\/em><\/h2>\n\n\n\n<p class=\"has-black-color has-text-color\" style=\"font-size:18px\"><em>Le terme \u00abm\u00e9ditation guid\u00e9e\u00bb est utilis\u00e9 pour d\u00e9crire le processus de m\u00e9ditation sous la direction d&rsquo;un enseignant ou d&rsquo;un praticien exp\u00e9riment\u00e9. Ces conseils sont essentiellement une narration audible ou visuelle du processus de m\u00e9ditation, qui peut \u00eatre donn\u00e9e en personne ou \u00e0 distance via audio, vid\u00e9o ou texte.<\/em><\/p>\n\n\n\n<p class=\"has-black-color has-text-color\" style=\"font-size:18px\"><em>La m\u00e9ditation guid\u00e9e est largement accessible et aucun niveau d&rsquo;exp\u00e9rience n&rsquo;est n\u00e9cessaire \u2013 uniquement la capacit\u00e9 d&rsquo;\u00e9couter ou de lire. En tant que tel, c&rsquo;est un excellent point de d\u00e9part pour les d\u00e9butants, ainsi que pour ceux qui recherchent une compr\u00e9hension intellectuelle plus approfondie de la pratique.<\/em><\/p>\n\n\n\n<h2 class=\"wp-block-heading\"><em>On explique la m\u00e9ditation guid\u00e9e<\/em><\/h2>\n\n\n\n<p class=\"has-black-color has-text-color\" style=\"font-size:18px\"><em>Les m\u00e9ditations guid\u00e9es sont g\u00e9n\u00e9ralement bien structur\u00e9es et suivent un format pas \u00e0 pas relativement simple. G\u00e9n\u00e9ralement, les enseignants expliqueront un peu comment fonctionne l&rsquo;esprit, avant de vous guider \u00e0 travers les \u00e9tapes s\u00e9quentielles d&rsquo;une technique de m\u00e9ditation sp\u00e9cifique. Ceci est g\u00e9n\u00e9ralement suivi de suggestions sur la fa\u00e7on d&rsquo;int\u00e9grer la pratique dans la vie quotidienne.<\/em><\/p>\n\n\n\n<p class=\"has-black-color has-text-color\" style=\"font-size:18px\"><em>Il existe d&rsquo;innombrables styles de m\u00e9ditation guid\u00e9e, englobant une grande vari\u00e9t\u00e9 de pratiques de diverses cultures, religions ou traditions spirituelles. La plupart sont bas\u00e9s sur un th\u00e8me ou une focalisation tels que la pleine&nbsp;conscience, la bont\u00e9 de c\u0153ur ou la paix, et ils int\u00e8grent souvent des techniques telles que le scan corporel, la conscience du souffle et la relaxation progressive.<\/em><\/p>\n\n\n\n<p class=\"has-black-color has-text-color\" style=\"font-size:18px\"><em>La plupart des styles de m\u00e9ditation guid\u00e9e utilisent un objet de&nbsp;concentration&nbsp;sur lequel entra\u00eener l&rsquo;esprit, comme le souffle, les mantras, les chakras, les visualisations et m\u00eame les objets physiques. L&rsquo;objectif est de remarquer quand l&rsquo;esprit a \u00e9t\u00e9 distrait et de revenir \u00e0 l&rsquo;objet de concentration, comme moyen de cultiver un \u00e9tat d&rsquo;esprit plus silencieux et plus concentr\u00e9. Certains styles int\u00e8grent \u00e9galement la m\u00e9ditation de perspicacit\u00e9, comme un moyen de r\u00e9fl\u00e9chir ou de d\u00e9velopper certaines qualit\u00e9s.<\/em><\/p>\n","protected":false},"excerpt":{"rendered":"<p>Le souffle de lumi\u00e8re organise des sessions de m\u00e9diation guid\u00e9e ax\u00e9e sur le spirituel.\u00a0Les m\u00e9ditations propos\u00e9es seront faites pour d\u00e9couvrir d&rsquo;autres mondes et d&rsquo;autres dimensions.\u00a0Allez voir plus loin de ce que notre mental, notre conscience veut nous montrer \u00e7a sera possible.\u00a0Pour conna\u00eetre les diff\u00e9rentes dates, vous pouvez vous inscrire \u00e0 notre\u00a0newsletter D\u00e9finition \u2013 Que signifie &hellip; <a href=\"https:\/\/www.au-souffle-de-lumiere.be\/index.php\/meditation-guidee\/\" class=\"more-link\">Continuer la lecture de <span class=\"screen-reader-text\">M\u00e9ditation guid\u00e9e<\/span> <span class=\"meta-nav\">&rarr;<\/span><\/a><\/p>\n","protected":false},"author":1,"featured_media":0,"parent":0,"menu_order":0,"comment_status":"closed","ping_status":"closed","template":"","meta":{"footnotes":""},"class_list":["post-2099","page","type-page","status-publish","hentry"],"yoast_head":"<!-- This site is optimized with the Yoast SEO plugin v27.5 - https:\/\/yoast.com\/product\/yoast-seo-wordpress\/ -->\n<title>M\u00e9ditation guid\u00e9e - Au Souffle De Lumi\u00e8re<\/title>\n<meta name=\"robots\" content=\"index, follow, max-snippet:-1, max-image-preview:large, max-video-preview:-1\" \/>\n<link rel=\"canonical\" href=\"https:\/\/www.au-souffle-de-lumiere.be\/index.php\/meditation-guidee\/\" \/>\n<meta property=\"og:locale\" content=\"fr_FR\" \/>\n<meta property=\"og:type\" content=\"article\" \/>\n<meta property=\"og:title\" content=\"M\u00e9ditation guid\u00e9e - Au Souffle De Lumi\u00e8re\" \/>\n<meta property=\"og:description\" content=\"Le souffle de lumi\u00e8re organise des sessions de m\u00e9diation guid\u00e9e ax\u00e9e sur le spirituel.\u00a0Les m\u00e9ditations propos\u00e9es seront faites pour d\u00e9couvrir d&rsquo;autres mondes et d&rsquo;autres dimensions.\u00a0Allez voir plus loin de ce que notre mental, notre conscience veut nous montrer \u00e7a sera possible.\u00a0Pour conna\u00eetre les diff\u00e9rentes dates, vous pouvez vous inscrire \u00e0 notre\u00a0newsletter D\u00e9finition \u2013 Que signifie &hellip; Continuer la lecture de M\u00e9ditation guid\u00e9e &rarr;\" \/>\n<meta property=\"og:url\" content=\"https:\/\/www.au-souffle-de-lumiere.be\/index.php\/meditation-guidee\/\" \/>\n<meta property=\"og:site_name\" content=\"Au Souffle De Lumi\u00e8re\" \/>\n<meta property=\"article:modified_time\" content=\"2022-01-22T10:37:17+00:00\" \/>\n<meta property=\"og:image\" content=\"https:\/\/www.au-souffle-de-lumiere.be\/wp-content\/uploads\/2022\/01\/606751ac18e784001e22e290-1.jpg\" \/>\n<meta name=\"twitter:card\" content=\"summary_large_image\" \/>\n<meta name=\"twitter:label1\" content=\"Dur\u00e9e de lecture estim\u00e9e\" \/>\n\t<meta name=\"twitter:data1\" content=\"2 minutes\" \/>\n<script type=\"application\/ld+json\" class=\"yoast-schema-graph\">{\"@context\":\"https:\\\/\\\/schema.org\",\"@graph\":[{\"@type\":\"WebPage\",\"@id\":\"https:\\\/\\\/www.au-souffle-de-lumiere.be\\\/index.php\\\/meditation-guidee\\\/\",\"url\":\"https:\\\/\\\/www.au-souffle-de-lumiere.be\\\/index.php\\\/meditation-guidee\\\/\",\"name\":\"M\u00e9ditation guid\u00e9e - Au Souffle De Lumi\u00e8re\",\"isPartOf\":{\"@id\":\"https:\\\/\\\/www.au-souffle-de-lumiere.be\\\/#website\"},\"primaryImageOfPage\":{\"@id\":\"https:\\\/\\\/www.au-souffle-de-lumiere.be\\\/index.php\\\/meditation-guidee\\\/#primaryimage\"},\"image\":{\"@id\":\"https:\\\/\\\/www.au-souffle-de-lumiere.be\\\/index.php\\\/meditation-guidee\\\/#primaryimage\"},\"thumbnailUrl\":\"https:\\\/\\\/www.au-souffle-de-lumiere.be\\\/wp-content\\\/uploads\\\/2022\\\/01\\\/606751ac18e784001e22e290-1.jpg\",\"datePublished\":\"2022-01-20T07:49:56+00:00\",\"dateModified\":\"2022-01-22T10:37:17+00:00\",\"breadcrumb\":{\"@id\":\"https:\\\/\\\/www.au-souffle-de-lumiere.be\\\/index.php\\\/meditation-guidee\\\/#breadcrumb\"},\"inLanguage\":\"fr-FR\",\"potentialAction\":[{\"@type\":\"ReadAction\",\"target\":[\"https:\\\/\\\/www.au-souffle-de-lumiere.be\\\/index.php\\\/meditation-guidee\\\/\"]}]},{\"@type\":\"ImageObject\",\"inLanguage\":\"fr-FR\",\"@id\":\"https:\\\/\\\/www.au-souffle-de-lumiere.be\\\/index.php\\\/meditation-guidee\\\/#primaryimage\",\"url\":\"https:\\\/\\\/i0.wp.com\\\/www.au-souffle-de-lumiere.be\\\/wp-content\\\/uploads\\\/2022\\\/01\\\/606751ac18e784001e22e290-1.jpg?fit=724%2C483&ssl=1\",\"contentUrl\":\"https:\\\/\\\/i0.wp.com\\\/www.au-souffle-de-lumiere.be\\\/wp-content\\\/uploads\\\/2022\\\/01\\\/606751ac18e784001e22e290-1.jpg?fit=724%2C483&ssl=1\",\"width\":724,\"height\":483,\"caption\":\"Silhouette of the meditaion man on the mountain. Leadership Concept\"},{\"@type\":\"BreadcrumbList\",\"@id\":\"https:\\\/\\\/www.au-souffle-de-lumiere.be\\\/index.php\\\/meditation-guidee\\\/#breadcrumb\",\"itemListElement\":[{\"@type\":\"ListItem\",\"position\":1,\"name\":\"Accueil\",\"item\":\"https:\\\/\\\/www.au-souffle-de-lumiere.be\\\/\"},{\"@type\":\"ListItem\",\"position\":2,\"name\":\"M\u00e9ditation guid\u00e9e\"}]},{\"@type\":\"WebSite\",\"@id\":\"https:\\\/\\\/www.au-souffle-de-lumiere.be\\\/#website\",\"url\":\"https:\\\/\\\/www.au-souffle-de-lumiere.be\\\/\",\"name\":\"Au Souffle De Lumi\u00e8re\",\"description\":\"Hypnose-Soin \u00e9nerg\u00e9tique\",\"publisher\":{\"@id\":\"https:\\\/\\\/www.au-souffle-de-lumiere.be\\\/#organization\"},\"potentialAction\":[{\"@type\":\"SearchAction\",\"target\":{\"@type\":\"EntryPoint\",\"urlTemplate\":\"https:\\\/\\\/www.au-souffle-de-lumiere.be\\\/?s={search_term_string}\"},\"query-input\":{\"@type\":\"PropertyValueSpecification\",\"valueRequired\":true,\"valueName\":\"search_term_string\"}}],\"inLanguage\":\"fr-FR\"},{\"@type\":\"Organization\",\"@id\":\"https:\\\/\\\/www.au-souffle-de-lumiere.be\\\/#organization\",\"name\":\"Au souffle de lumi\u00e8re\",\"url\":\"https:\\\/\\\/www.au-souffle-de-lumiere.be\\\/\",\"logo\":{\"@type\":\"ImageObject\",\"inLanguage\":\"fr-FR\",\"@id\":\"https:\\\/\\\/www.au-souffle-de-lumiere.be\\\/#\\\/schema\\\/logo\\\/image\\\/\",\"url\":\"https:\\\/\\\/i2.wp.com\\\/www.au-souffle-de-lumiere.be\\\/wp-content\\\/uploads\\\/2020\\\/02\\\/Nature-Soleil-5d66366b.jpg?fit=1920%2C1200&ssl=1\",\"contentUrl\":\"https:\\\/\\\/i2.wp.com\\\/www.au-souffle-de-lumiere.be\\\/wp-content\\\/uploads\\\/2020\\\/02\\\/Nature-Soleil-5d66366b.jpg?fit=1920%2C1200&ssl=1\",\"width\":1920,\"height\":1200,\"caption\":\"Au souffle de lumi\u00e8re\"},\"image\":{\"@id\":\"https:\\\/\\\/www.au-souffle-de-lumiere.be\\\/#\\\/schema\\\/logo\\\/image\\\/\"}}]}<\/script>\n<!-- \/ Yoast SEO plugin. -->","yoast_head_json":{"title":"M\u00e9ditation guid\u00e9e - Au Souffle De Lumi\u00e8re","robots":{"index":"index","follow":"follow","max-snippet":"max-snippet:-1","max-image-preview":"max-image-preview:large","max-video-preview":"max-video-preview:-1"},"canonical":"https:\/\/www.au-souffle-de-lumiere.be\/index.php\/meditation-guidee\/","og_locale":"fr_FR","og_type":"article","og_title":"M\u00e9ditation guid\u00e9e - Au Souffle De Lumi\u00e8re","og_description":"Le souffle de lumi\u00e8re organise des sessions de m\u00e9diation guid\u00e9e ax\u00e9e sur le spirituel.\u00a0Les m\u00e9ditations propos\u00e9es seront faites pour d\u00e9couvrir d&rsquo;autres mondes et d&rsquo;autres dimensions.\u00a0Allez voir plus loin de ce que notre mental, notre conscience veut nous montrer \u00e7a sera possible.\u00a0Pour conna\u00eetre les diff\u00e9rentes dates, vous pouvez vous inscrire \u00e0 notre\u00a0newsletter D\u00e9finition \u2013 Que signifie &hellip; Continuer la lecture de M\u00e9ditation guid\u00e9e &rarr;","og_url":"https:\/\/www.au-souffle-de-lumiere.be\/index.php\/meditation-guidee\/","og_site_name":"Au Souffle De Lumi\u00e8re","article_modified_time":"2022-01-22T10:37:17+00:00","og_image":[{"url":"https:\/\/www.au-souffle-de-lumiere.be\/wp-content\/uploads\/2022\/01\/606751ac18e784001e22e290-1.jpg","type":"","width":"","height":""}],"twitter_card":"summary_large_image","twitter_misc":{"Dur\u00e9e de lecture estim\u00e9e":"2 minutes"},"schema":{"@context":"https:\/\/schema.org","@graph":[{"@type":"WebPage","@id":"https:\/\/www.au-souffle-de-lumiere.be\/index.php\/meditation-guidee\/","url":"https:\/\/www.au-souffle-de-lumiere.be\/index.php\/meditation-guidee\/","name":"M\u00e9ditation guid\u00e9e - Au Souffle De Lumi\u00e8re","isPartOf":{"@id":"https:\/\/www.au-souffle-de-lumiere.be\/#website"},"primaryImageOfPage":{"@id":"https:\/\/www.au-souffle-de-lumiere.be\/index.php\/meditation-guidee\/#primaryimage"},"image":{"@id":"https:\/\/www.au-souffle-de-lumiere.be\/index.php\/meditation-guidee\/#primaryimage"},"thumbnailUrl":"https:\/\/www.au-souffle-de-lumiere.be\/wp-content\/uploads\/2022\/01\/606751ac18e784001e22e290-1.jpg","datePublished":"2022-01-20T07:49:56+00:00","dateModified":"2022-01-22T10:37:17+00:00","breadcrumb":{"@id":"https:\/\/www.au-souffle-de-lumiere.be\/index.php\/meditation-guidee\/#breadcrumb"},"inLanguage":"fr-FR","potentialAction":[{"@type":"ReadAction","target":["https:\/\/www.au-souffle-de-lumiere.be\/index.php\/meditation-guidee\/"]}]},{"@type":"ImageObject","inLanguage":"fr-FR","@id":"https:\/\/www.au-souffle-de-lumiere.be\/index.php\/meditation-guidee\/#primaryimage","url":"https:\/\/i0.wp.com\/www.au-souffle-de-lumiere.be\/wp-content\/uploads\/2022\/01\/606751ac18e784001e22e290-1.jpg?fit=724%2C483&ssl=1","contentUrl":"https:\/\/i0.wp.com\/www.au-souffle-de-lumiere.be\/wp-content\/uploads\/2022\/01\/606751ac18e784001e22e290-1.jpg?fit=724%2C483&ssl=1","width":724,"height":483,"caption":"Silhouette of the meditaion man on the mountain. Leadership Concept"},{"@type":"BreadcrumbList","@id":"https:\/\/www.au-souffle-de-lumiere.be\/index.php\/meditation-guidee\/#breadcrumb","itemListElement":[{"@type":"ListItem","position":1,"name":"Accueil","item":"https:\/\/www.au-souffle-de-lumiere.be\/"},{"@type":"ListItem","position":2,"name":"M\u00e9ditation guid\u00e9e"}]},{"@type":"WebSite","@id":"https:\/\/www.au-souffle-de-lumiere.be\/#website","url":"https:\/\/www.au-souffle-de-lumiere.be\/","name":"Au Souffle De Lumi\u00e8re","description":"Hypnose-Soin \u00e9nerg\u00e9tique","publisher":{"@id":"https:\/\/www.au-souffle-de-lumiere.be\/#organization"},"potentialAction":[{"@type":"SearchAction","target":{"@type":"EntryPoint","urlTemplate":"https:\/\/www.au-souffle-de-lumiere.be\/?s={search_term_string}"},"query-input":{"@type":"PropertyValueSpecification","valueRequired":true,"valueName":"search_term_string"}}],"inLanguage":"fr-FR"},{"@type":"Organization","@id":"https:\/\/www.au-souffle-de-lumiere.be\/#organization","name":"Au souffle de lumi\u00e8re","url":"https:\/\/www.au-souffle-de-lumiere.be\/","logo":{"@type":"ImageObject","inLanguage":"fr-FR","@id":"https:\/\/www.au-souffle-de-lumiere.be\/#\/schema\/logo\/image\/","url":"https:\/\/i2.wp.com\/www.au-souffle-de-lumiere.be\/wp-content\/uploads\/2020\/02\/Nature-Soleil-5d66366b.jpg?fit=1920%2C1200&ssl=1","contentUrl":"https:\/\/i2.wp.com\/www.au-souffle-de-lumiere.be\/wp-content\/uploads\/2020\/02\/Nature-Soleil-5d66366b.jpg?fit=1920%2C1200&ssl=1","width":1920,"height":1200,"caption":"Au souffle de lumi\u00e8re"},"image":{"@id":"https:\/\/www.au-souffle-de-lumiere.be\/#\/schema\/logo\/image\/"}}]}},"jetpack_sharing_enabled":true,"_links":{"self":[{"href":"https:\/\/www.au-souffle-de-lumiere.be\/index.php\/wp-json\/wp\/v2\/pages\/2099","targetHints":{"allow":["GET"]}}],"collection":[{"href":"https:\/\/www.au-souffle-de-lumiere.be\/index.php\/wp-json\/wp\/v2\/pages"}],"about":[{"href":"https:\/\/www.au-souffle-de-lumiere.be\/index.php\/wp-json\/wp\/v2\/types\/page"}],"author":[{"embeddable":true,"href":"https:\/\/www.au-souffle-de-lumiere.be\/index.php\/wp-json\/wp\/v2\/users\/1"}],"replies":[{"embeddable":true,"href":"https:\/\/www.au-souffle-de-lumiere.be\/index.php\/wp-json\/wp\/v2\/comments?post=2099"}],"version-history":[{"count":0,"href":"https:\/\/www.au-souffle-de-lumiere.be\/index.php\/wp-json\/wp\/v2\/pages\/2099\/revisions"}],"wp:attachment":[{"href":"https:\/\/www.au-souffle-de-lumiere.be\/index.php\/wp-json\/wp\/v2\/media?parent=2099"}],"curies":[{"name":"wp","href":"https:\/\/api.w.org\/{rel}","templated":true}]}}